



{"id":5982,"date":"2023-09-26T12:46:17","date_gmt":"2023-09-26T10:46:17","guid":{"rendered":"https:\/\/www.mikegorden.de\/web\/?page_id=5982"},"modified":"2026-03-15T18:06:51","modified_gmt":"2026-03-15T17:06:51","slug":"heimseite","status":"publish","type":"page","link":"https:\/\/www.mikegorden.de\/web\/","title":{"rendered":"Mike Gordens Heimseite"},"content":{"rendered":"\n<div class=\"wp-block-columns alignwide is-layout-flex wp-container-core-columns-is-layout-be969680 wp-block-columns-is-layout-flex\" style=\"padding-top:var(--wp--preset--spacing--50);padding-right:var(--wp--preset--spacing--50);padding-bottom:var(--wp--preset--spacing--50);padding-left:var(--wp--preset--spacing--50)\">\n<div class=\"wp-block-column is-layout-flow wp-block-column-is-layout-flow\">\n<p class=\"has-text-color has-small-font-size\" style=\"color:#9b4232;letter-spacing:1px;text-transform:uppercase\"><strong>MIKE GORDENs Heimseite<\/strong><\/p>\n\n\n\n<h2 class=\"wp-block-heading\">Neutronenreiter<\/h2>\n\n\n\n<p>Die ersten beiden Romane der Reihe <a href=\"https:\/\/www.mikegorden.de\/web\/mein-werk\/gefahr-von-der-anderen-seite\/\">\u00bbDas Universum im Tautropfen\u00ab<\/a> und <a href=\"https:\/\/www.mikegorden.de\/web\/mein-werk\/der-gefrorene-urknall\/\">\u00bbDer gefrorene Urknall\u00ab<\/a> finden mit \u00bbNeutronenreiter\u00ab auf 880 Buchseiten ein episches und durchweg spannendes Ende. Vorerst.<\/p>\n\n\n\n<p>Eine Serie r\u00e4tselhafter Ereignisse ersch\u00fcttert die Grundfesten der Realit\u00e4t, \u00e4hnlich der Massenhysterie, die einst die offene Dimensionspforte im CERN verursachte \u2026<\/p>\n\n\n\n<div class=\"wp-block-buttons has-custom-font-size has-medium-font-size is-content-justification-left is-layout-flex wp-container-core-buttons-is-layout-fc4fd283 wp-block-buttons-is-layout-flex\" style=\"font-style:normal;font-weight:600\">\n<div class=\"wp-block-button is-style-outline is-style-outline--1\"><a class=\"wp-block-button__link has-white-color has-text-color has-background has-small-font-size has-custom-font-size wp-element-button\" href=\"https:\/\/www.mikegorden.de\/web\/product\/neutronenreiter\/\" style=\"border-radius:0px;background-color:#9b4232;text-transform:uppercase\">In meinem Shop kaufen!<\/a><\/div>\n<\/div>\n\n\n\n<p>\u2026 wenn Du m\u00f6chtest, da\u00df ich etwas mehr verdiene als sonst.<br>Ansonsten:<\/p>\n\n\n\n<div class=\"wp-block-buttons has-custom-font-size has-medium-font-size is-content-justification-left is-layout-flex wp-container-core-buttons-is-layout-fc4fd283 wp-block-buttons-is-layout-flex\" style=\"font-style:normal;font-weight:600\">\n<div class=\"wp-block-button is-style-outline is-style-outline--2\"><a class=\"wp-block-button__link has-white-color has-text-color has-background has-small-font-size has-custom-font-size wp-element-button\" href=\"https:\/\/www.genialokal.de\/Produkt\/Mike-Gorden\/Neutronenreiter_lid_52189976.html\" style=\"border-radius:0px;background-color:#9b4232;text-transform:uppercase\" target=\"_blank\" rel=\"noreferrer noopener\">Bei Genialokal kaufen!<\/a><\/div>\n<\/div>\n\n\n\n<div class=\"wp-block-buttons has-custom-font-size has-medium-font-size is-content-justification-left is-layout-flex wp-container-core-buttons-is-layout-fc4fd283 wp-block-buttons-is-layout-flex\" style=\"font-style:normal;font-weight:600\">\n<div class=\"wp-block-button is-style-outline is-style-outline--3\"><a class=\"wp-block-button__link has-white-color has-text-color has-background has-small-font-size has-custom-font-size wp-element-button\" href=\"https:\/\/www.hugendubel.de\/de\/ebook_epub\/mike_gorden-neutronenreiter-47455405-produkt-details.html\" style=\"border-radius:0px;background-color:#9b4232;text-transform:uppercase\" target=\"_blank\" rel=\"noreferrer noopener\">Bei Hugendubel kaufen!<\/a><\/div>\n<\/div>\n<\/div>\n\n\n\n<div class=\"wp-block-column is-layout-flow wp-block-column-is-layout-flow\">\n<figure class=\"wp-block-image size-full\"><a href=\"https:\/\/www.mikegorden.de\/web\/mein-werk\/neutronenreiter\/\"><img loading=\"lazy\" decoding=\"async\" width=\"650\" height=\"1024\" src=\"https:\/\/www.mikegorden.de\/web\/wp-content\/uploads\/2023\/10\/Cover_Neutronenreiter-650x1024-1.jpg\" alt=\"Mike Gorden - Neutronenreiter (Cover)\" class=\"wp-image-6287\" title=\"Mike Gorden - Neutronenreiter (Cover)\" srcset=\"https:\/\/www.mikegorden.de\/web\/wp-content\/uploads\/2023\/10\/Cover_Neutronenreiter-650x1024-1.jpg 650w, https:\/\/www.mikegorden.de\/web\/wp-content\/uploads\/2023\/10\/Cover_Neutronenreiter-650x1024-1-190x300.jpg 190w, https:\/\/www.mikegorden.de\/web\/wp-content\/uploads\/2023\/10\/Cover_Neutronenreiter-650x1024-1-450x709.jpg 450w, https:\/\/www.mikegorden.de\/web\/wp-content\/uploads\/2023\/10\/Cover_Neutronenreiter-650x1024-1-600x945.jpg 600w\" sizes=\"auto, (max-width: 650px) 100vw, 650px\" \/><\/a><\/figure>\n\n\n\n<div class=\"wp-block-buttons has-custom-font-size has-medium-font-size is-content-justification-left is-layout-flex wp-container-core-buttons-is-layout-fc4fd283 wp-block-buttons-is-layout-flex\" style=\"font-style:normal;font-weight:600\">\n<div class=\"wp-block-button is-style-outline is-style-outline--4\"><a class=\"wp-block-button__link has-white-color has-text-color has-background has-small-font-size has-custom-font-size wp-element-button\" href=\"https:\/\/amzn.to\/49z9dpJ\" style=\"border-radius:0px;background-color:#9b4232;text-transform:uppercase\" target=\"_blank\" rel=\"noreferrer noopener\">Bei Amazon kaufen!<\/a><\/div>\n<\/div>\n\n\n\n<div class=\"wp-block-buttons has-custom-font-size has-medium-font-size is-content-justification-left is-layout-flex wp-container-core-buttons-is-layout-fc4fd283 wp-block-buttons-is-layout-flex\" style=\"font-style:normal;font-weight:600\">\n<div class=\"wp-block-button is-style-outline is-style-outline--5\"><a class=\"wp-block-button__link has-white-color has-text-color has-background has-small-font-size has-custom-font-size wp-element-button\" href=\"https:\/\/www.thalia.de\/shop\/home\/artikeldetails\/A1070760506\" style=\"border-radius:0px;background-color:#9b4232;text-transform:uppercase\" target=\"_blank\" rel=\"noreferrer noopener\">Bei Thalia kaufen!<\/a><\/div>\n<\/div>\n\n\n\n<div class=\"wp-block-buttons has-custom-font-size has-medium-font-size is-content-justification-left is-layout-flex wp-container-core-buttons-is-layout-fc4fd283 wp-block-buttons-is-layout-flex\" style=\"font-style:normal;font-weight:600\">\n<div class=\"wp-block-button is-style-outline is-style-outline--6\"><a class=\"wp-block-button__link has-white-color has-text-color has-background has-small-font-size has-custom-font-size wp-element-button\" href=\"https:\/\/www.ebook.de\/de\/product\/47455405\/mike_gorden_neutronenreiter.html\" style=\"border-radius:0px;background-color:#9b4232;text-transform:uppercase\" target=\"_blank\" rel=\"noreferrer noopener\">Bei eBook.de kaufen!<\/a><\/div>\n<\/div>\n<\/div>\n\n\n\n<div class=\"wp-block-column is-layout-flow wp-block-column-is-layout-flow\">\n<figure class=\"wp-block-image size-large\"><img loading=\"lazy\" decoding=\"async\" width=\"757\" height=\"1024\" src=\"https:\/\/www.mikegorden.de\/web\/wp-content\/uploads\/2021\/08\/Mike-Gorden-Ring-757x1024.webp\" alt=\"Mike Gordens Werk - Der Webshop des HML Verlags pr\u00e4sentiert B\u00fccher des Schriftstellers\" class=\"wp-image-345\" title=\"\" srcset=\"https:\/\/www.mikegorden.de\/web\/wp-content\/uploads\/2021\/08\/Mike-Gorden-Ring-757x1024.webp 757w, https:\/\/www.mikegorden.de\/web\/wp-content\/uploads\/2021\/08\/Mike-Gorden-Ring-222x300.webp 222w, https:\/\/www.mikegorden.de\/web\/wp-content\/uploads\/2021\/08\/Mike-Gorden-Ring-768x1039.webp 768w, https:\/\/www.mikegorden.de\/web\/wp-content\/uploads\/2021\/08\/Mike-Gorden-Ring-300x406.webp 300w, https:\/\/www.mikegorden.de\/web\/wp-content\/uploads\/2021\/08\/Mike-Gorden-Ring-600x812.webp 600w, https:\/\/www.mikegorden.de\/web\/wp-content\/uploads\/2021\/08\/Mike-Gorden-Ring.webp 887w\" sizes=\"auto, (max-width: 757px) 100vw, 757px\" \/><\/figure>\n\n\n\n<p class=\"has-text-color has-link-color has-small-font-size wp-elements-090e63c0ee36af33d6ef2a427cbc516a\" style=\"color:#9b4232;font-style:normal;font-weight:700;text-transform:uppercase\">Zahle Deine manuelle Bestellung (an <a href=\"mailto:mikegorden@pm.me\">mikegorden@pm.me<\/a>) mit Bitcoin!<\/p>\n\n\n\n<figure class=\"wp-block-image aligncenter size-full is-resized\"><img loading=\"lazy\" decoding=\"async\" width=\"142\" height=\"151\" src=\"https:\/\/www.mikegorden.de\/web\/wp-content\/uploads\/2024\/10\/Bitcoin-2.jpg\" alt=\"\" class=\"wp-image-7635\" style=\"width:142px;height:auto\" title=\"\"><\/figure>\n\n\n\n<p class=\"has-text-align-left\"><strong>Bitcoin-Adresse: <\/strong>bc1qmec6lz5xpwlfd6suk2sth5350zeqmpdzj94m7v<\/p>\n<\/div>\n<\/div>\n\n\n\n<div class=\"wp-block-columns alignwide is-layout-flex wp-container-core-columns-is-layout-be969680 wp-block-columns-is-layout-flex\" style=\"padding-top:var(--wp--preset--spacing--50);padding-right:var(--wp--preset--spacing--50);padding-bottom:var(--wp--preset--spacing--50);padding-left:var(--wp--preset--spacing--50)\">\n<div class=\"wp-block-column is-layout-flow wp-block-column-is-layout-flow\" style=\"flex-basis:33.33%\">\n<p class=\"has-text-color has-small-font-size\" style=\"color:#9b4232;letter-spacing:1px;text-transform:uppercase\"><strong>\u00dcber diese Seite<\/strong><\/p>\n\n\n\n<h2 class=\"wp-block-heading has-large-font-size\">Willkommen auf meiner Heimseite<\/h2>\n\n\n\n<p>Ich schreibe seit fr\u00fchester Jugend. Als Autor bin ich aber ein Sp\u00e4tz\u00fcnder. Meine Geschichten enthalten Elemente aus (Hard) Science Fiction, Krimi, Thriller, Wissenschaft und klassischem Liebesroman. Auf dieser Seite erf\u00e4hrst Du alles \u00fcber mich und das, was ich schreibe.<\/p>\n\n\n\n<p>Seit 2015 habe ich drei umfangreiche SciFi-Thriller ver\u00f6ffentlicht. Diese bilden gemeinsam den \u00bbMo\u00edra-Zyklus\u00ab.<\/p>\n\n\n\n<p>2021 habe ich f\u00fcr neue Projekte das Genre gewechselt: Bei \u00bbEmpath\u00ab handelt es sich um einen schwulen Hardcore Thriller, bei \u00bbDas Geheimnis der Untoten\u00ab um einen Bretagne-Krimi. Einen Bremen-Krimi habe ich auch in Arbeit, sowie mit der Space-Opera \u00bbWunder der Apokalypse\u00ab einen weiteren Roman aus dem Moira-Universum. Es gibt also viel zu lesen!<\/p>\n\n\n\n<div class=\"wp-block-buttons has-custom-font-size has-small-font-size is-horizontal is-layout-flex wp-block-buttons-is-layout-flex\" style=\"letter-spacing:1px;text-transform:uppercase\">\n<div class=\"wp-block-button is-style-fill\"><a class=\"wp-block-button__link has-white-color has-text-color has-background wp-element-button\" href=\"https:\/\/www.mikegorden.de\/web\/ueber-mich\/\" style=\"border-radius:0px;background-color:#9b4232\"><strong>hier erf\u00e4hrst Du mehr\u2026<\/strong><\/a><\/div>\n<\/div>\n<\/div>\n\n\n\n<div class=\"wp-block-column is-layout-flow wp-block-column-is-layout-flow\" style=\"flex-basis:66.66%\">\n<figure class=\"wp-block-image size-large\"><img loading=\"lazy\" decoding=\"async\" width=\"1024\" height=\"819\" src=\"https:\/\/www.mikegorden.de\/web\/wp-content\/uploads\/2022\/01\/MG11d-1024x819.jpg\" alt=\"Mike Gorden Gefahr von der anderen Seite\" class=\"wp-image-4523\" title=\"\" srcset=\"https:\/\/www.mikegorden.de\/web\/wp-content\/uploads\/2022\/01\/MG11d-1024x819.jpg 1024w, https:\/\/www.mikegorden.de\/web\/wp-content\/uploads\/2022\/01\/MG11d-300x240.jpg 300w, https:\/\/www.mikegorden.de\/web\/wp-content\/uploads\/2022\/01\/MG11d-768x614.jpg 768w, https:\/\/www.mikegorden.de\/web\/wp-content\/uploads\/2022\/01\/MG11d-600x480.jpg 600w, https:\/\/www.mikegorden.de\/web\/wp-content\/uploads\/2022\/01\/MG11d.jpg 1360w\" sizes=\"auto, (max-width: 1024px) 100vw, 1024px\" \/><\/figure>\n<\/div>\n<\/div>\n\n\n\n<h2 class=\"wp-block-heading alignwide has-text-align-center\"><a href=\"https:\/\/www.hml-verlag.de\/\" data-type=\"link\" data-id=\"https:\/\/www.hml-verlag.de\/\" target=\"_blank\" rel=\"noopener\">Die neuesten B\u00fccher im Onlineangebot<\/a><\/h2>\n\n\n\n<div class=\"wp-block-columns alignwide is-layout-flex wp-container-core-columns-is-layout-be969680 wp-block-columns-is-layout-flex\" style=\"padding-top:var(--wp--preset--spacing--50);padding-right:var(--wp--preset--spacing--50);padding-bottom:var(--wp--preset--spacing--50);padding-left:var(--wp--preset--spacing--50)\">\n<div class=\"wp-block-column is-layout-flow wp-block-column-is-layout-flow\">\n<figure class=\"wp-block-image\"><a href=\"https:\/\/www.mikegorden.de\/web\/gefahr-von-der-anderen-seite\/\"><img decoding=\"async\" src=\"https:\/\/www.mikegorden.de\/web\/wp-content\/uploads\/2022\/12\/cover.jpg\" alt=\"Mike Gorden: Das Universum im Tautropfen\" title=\"\"><\/a><\/figure>\n\n\n\n<h5 class=\"wp-block-heading\">Das Universum im Tautropfen<\/h5>\n\n\n\n<p class=\"has-small-font-size\" style=\"letter-spacing:1px;text-transform:uppercase\"><a href=\"https:\/\/www.mikegorden.de\/web\/gefahr-von-der-anderen-seite\/\"><strong>Lies mehr \u2026<\/strong><\/a><\/p>\n<\/div>\n\n\n\n<div class=\"wp-block-column is-layout-flow wp-block-column-is-layout-flow\">\n<figure class=\"wp-block-image\"><a href=\"https:\/\/www.mikegorden.de\/web\/empath\/\"><img decoding=\"async\" src=\"https:\/\/www.mikegorden.de\/web\/wp-content\/uploads\/2021\/10\/Cover-Empath.jpg\" alt=\"Mike Gorden: Empath (Cover)\" title=\"\"><\/a><\/figure>\n\n\n\n<h5 class=\"wp-block-heading\">Empath &#8211; Gay Hardcore<\/h5>\n\n\n\n<p class=\"has-black-color has-text-color has-small-font-size\" style=\"letter-spacing:1px;text-transform:uppercase\"><a href=\"https:\/\/www.mikegorden.de\/web\/empath\/\"><strong>Lies mehr \u2026<\/strong><\/a><\/p>\n<\/div>\n\n\n\n<div class=\"wp-block-column is-layout-flow wp-block-column-is-layout-flow\">\n<figure class=\"wp-block-image\"><a href=\"https:\/\/www.mikegorden.de\/web\/mike-gorden-das-geheimnis-der-untoten\/\"><img decoding=\"async\" src=\"https:\/\/www.mikegorden.de\/web\/wp-content\/uploads\/2021\/08\/Untote-Cover_350px.webp\" alt=\"Mike Gorden: Das Geheimnis der Untoten (Cover)\" title=\"\"><\/a><\/figure>\n\n\n\n<h5 class=\"wp-block-heading\">Das Geheimnis Der Untoten<\/h5>\n\n\n\n<p class=\"has-black-color has-text-color has-small-font-size\" style=\"letter-spacing:1px;text-transform:uppercase\"><a href=\"https:\/\/www.mikegorden.de\/web\/mike-gorden-das-geheimnis-der-untoten\/\"><strong>Lies mehr \u2026<\/strong><\/a><\/p>\n<\/div>\n\n\n\n<div class=\"wp-block-column is-layout-flow wp-block-column-is-layout-flow\">\n<figure class=\"wp-block-image size-large\"><a href=\"https:\/\/www.mikegorden.de\/web\/mike-gordens-werk\/neutronenreiter\/\"><img loading=\"lazy\" decoding=\"async\" width=\"650\" height=\"1024\" src=\"https:\/\/www.mikegorden.de\/web\/wp-content\/uploads\/2021\/12\/Cover_Neutronenreiter-650x1024.jpg\" alt=\"Mike Gordens Heimseite - Neutronenreiter - Mo\u00edra-Zyklus Teil 3 (Cover)\" class=\"wp-image-3220\" title=\"\" srcset=\"https:\/\/www.mikegorden.de\/web\/wp-content\/uploads\/2021\/12\/Cover_Neutronenreiter-650x1024.jpg 650w, https:\/\/www.mikegorden.de\/web\/wp-content\/uploads\/2021\/12\/Cover_Neutronenreiter-190x300.jpg 190w, https:\/\/www.mikegorden.de\/web\/wp-content\/uploads\/2021\/12\/Cover_Neutronenreiter-768x1210.jpg 768w, https:\/\/www.mikegorden.de\/web\/wp-content\/uploads\/2021\/12\/Cover_Neutronenreiter-975x1536.jpg 975w, https:\/\/www.mikegorden.de\/web\/wp-content\/uploads\/2021\/12\/Cover_Neutronenreiter-1300x2048.jpg 1300w, https:\/\/www.mikegorden.de\/web\/wp-content\/uploads\/2021\/12\/Cover_Neutronenreiter-300x473.jpg 300w, https:\/\/www.mikegorden.de\/web\/wp-content\/uploads\/2021\/12\/Cover_Neutronenreiter-600x945.jpg 600w, https:\/\/www.mikegorden.de\/web\/wp-content\/uploads\/2021\/12\/Cover_Neutronenreiter.jpg 1612w\" sizes=\"auto, (max-width: 650px) 100vw, 650px\" \/><\/a><\/figure>\n\n\n\n<h5 class=\"wp-block-heading\">Neutronenreiter<\/h5>\n\n\n\n<p class=\"has-black-color has-text-color has-small-font-size\" style=\"letter-spacing:1px;text-transform:uppercase\"><a href=\"https:\/\/www.mikegorden.de\/web\/mike-gordens-werk\/neutronenreiter\/\"><strong>Lies mehr \u2026<\/strong><\/a><\/p>\n<\/div>\n<\/div>\n\n\n\n<h2 class=\"wp-block-heading has-text-align-center\">Neues aus meinem Blog<\/h2>\n\n\n\n<div class=\"wp-block-query alignwide is-layout-flow wp-block-query-is-layout-flow\"><ul class=\"columns-3 wp-block-post-template has-small-font-size is-layout-grid wp-container-core-post-template-is-layout-125c70a0 wp-block-post-template-is-layout-grid\"><li class=\"wp-block-post post-9390 post type-post status-publish format-standard has-post-thumbnail hentry category-artikel category-logbuch tag-fediverse tag-hassrede tag-zensur-im-metaverse\">\n\n<div class=\"wp-block-group is-layout-flow wp-block-group-is-layout-flow\" style=\"padding-top:30px;padding-right:30px;padding-bottom:30px;padding-left:30px\"><h4 class=\"wp-block-post-title\"><a href=\"https:\/\/www.mikegorden.de\/web\/konsequenz\/\" target=\"_self\">Die Konsequenz<\/a><\/h4>\n\n<div class=\"wp-block-post-excerpt\"><p class=\"wp-block-post-excerpt__excerpt\">Viele beschweren sich \u00fcber Zensur und Hassrede im Metaverse. Konsequent sein und einen Schlussstrich ziehen will aber kaum jemand.<\/p><p class=\"wp-block-post-excerpt__more-text\"><a class=\"wp-block-post-excerpt__more-link\" href=\"https:\/\/www.mikegorden.de\/web\/konsequenz\/\">\u2026 mehr lesen<\/a><\/p><\/div>\n\n<div class=\"wp-block-post-date\"><time datetime=\"2026-03-29T08:30:00+02:00\">29. M\u00e4rz 2026<\/time><\/div><\/div>\n\n<\/li><li class=\"wp-block-post post-9197 post type-post status-publish format-standard has-post-thumbnail hentry category-artikel category-paolos-tagebuch\">\n\n<div class=\"wp-block-group is-layout-flow wp-block-group-is-layout-flow\" style=\"padding-top:30px;padding-right:30px;padding-bottom:30px;padding-left:30px\"><h4 class=\"wp-block-post-title\"><a href=\"https:\/\/www.mikegorden.de\/web\/einvernehmliche-vergewaltigung\/\" target=\"_self\">Einvernehmliche Vergewaltigung?<\/a><\/h4>\n\n<div class=\"wp-block-post-excerpt\"><p class=\"wp-block-post-excerpt__excerpt\">Einvernehmliche Vergewaltigung \u2026 ist ein Widerspruch in sich. Punkt. Keiner seiner Freier w\u00fcrde Paolo aber deswegen anzeigen, denn sie waren alle, w\u00e4hrend der ganzen Zeit, ununterbrochen derart erregt gewesen, dass ihnen alles, was Paolo mit ihnen tat, wie ihr eigener, unverf\u00e4lschter Wille vorkam.<\/p><p class=\"wp-block-post-excerpt__more-text\"><a class=\"wp-block-post-excerpt__more-link\" href=\"https:\/\/www.mikegorden.de\/web\/einvernehmliche-vergewaltigung\/\">\u2026 mehr lesen<\/a><\/p><\/div>\n\n<div class=\"wp-block-post-date\"><time datetime=\"2026-02-15T08:48:08+01:00\">15. Februar 2026<\/time><\/div><\/div>\n\n<\/li><li class=\"wp-block-post post-8792 post type-post status-publish format-standard has-post-thumbnail hentry category-artikel category-logbuch\">\n\n<div class=\"wp-block-group is-layout-flow wp-block-group-is-layout-flow\" style=\"padding-top:30px;padding-right:30px;padding-bottom:30px;padding-left:30px\"><h4 class=\"wp-block-post-title\"><a href=\"https:\/\/www.mikegorden.de\/web\/wissenschaft\/\" target=\"_self\">Wissenschaft und Geschichte in der Science Fiction<\/a><\/h4>\n\n<div class=\"wp-block-post-excerpt\"><p class=\"wp-block-post-excerpt__excerpt\">Die Entstehung von Science Fiction Science Fiction ist seit den zwanziger Jahren des letzten Jahrhunderts als Genrebezeichnung akzeptiert. Allerdings gab es auch fr\u00fcher Werke von Schriftstellern, die man heute der Wissenschaftlichen Fiktion zuordnen w\u00fcrde. Ein bekanntes Beispiel ist Jules Verne, der bereits in der zweiten H\u00e4lfte der Neunzehnten Jahrhunderts Romane wie \u00bb20.000 Meilen unter dem<\/p><p class=\"wp-block-post-excerpt__more-text\"><a class=\"wp-block-post-excerpt__more-link\" href=\"https:\/\/www.mikegorden.de\/web\/wissenschaft\/\">\u2026 mehr lesen<\/a><\/p><\/div>\n\n<div class=\"wp-block-post-date\"><time datetime=\"2025-12-14T09:44:50+01:00\">14. Dezember 2025<\/time><\/div><\/div>\n\n<\/li><li class=\"wp-block-post post-8736 post type-post status-publish format-standard has-post-thumbnail hentry category-artikel\">\n\n<div class=\"wp-block-group is-layout-flow wp-block-group-is-layout-flow\" style=\"padding-top:30px;padding-right:30px;padding-bottom:30px;padding-left:30px\"><h4 class=\"wp-block-post-title\"><a href=\"https:\/\/www.mikegorden.de\/web\/ich-und-die-ki\/\" target=\"_self\">Ich und die KI<\/a><\/h4>\n\n<div class=\"wp-block-post-excerpt\"><p class=\"wp-block-post-excerpt__excerpt\">Ich muss zugeben, dass ich neugierig war, was K\u00fcnstliche Intelligenz heute so kann. So habe ich Gemini um ein Rendezvous gebeten \u2026<\/p><p class=\"wp-block-post-excerpt__more-text\"><a class=\"wp-block-post-excerpt__more-link\" href=\"https:\/\/www.mikegorden.de\/web\/ich-und-die-ki\/\">\u2026 mehr lesen<\/a><\/p><\/div>\n\n<div class=\"wp-block-post-date\"><time datetime=\"2025-09-21T01:28:00+02:00\">21. September 2025<\/time><\/div><\/div>\n\n<\/li><li class=\"wp-block-post post-7360 post type-post status-publish format-standard has-post-thumbnail hentry category-artikel\">\n\n<div class=\"wp-block-group is-layout-flow wp-block-group-is-layout-flow\" style=\"padding-top:30px;padding-right:30px;padding-bottom:30px;padding-left:30px\"><h4 class=\"wp-block-post-title\"><a href=\"https:\/\/www.mikegorden.de\/web\/unter-wert\/\" target=\"_self\">Verkauf Dich nicht unter Wert!<\/a><\/h4>\n\n<div class=\"wp-block-post-excerpt\"><p class=\"wp-block-post-excerpt__excerpt\">Verkauf Dich nicht unter Wert! F\u00fcnf Fallen bei der Eigenwerbung, in die Du nicht treten solltest. Du schreibst tolle B\u00fccher und willst, dass m\u00f6glichst viele sie lesen? Das ist die nat\u00fcrlichste Sache der Welt. Allerdings gibt es bei der Wahl deiner (Werbe-)mittel Fallstricke, \u00fcber die du nicht stolpern und Fettn\u00e4pfchen, in die du nicht treten<\/p><p class=\"wp-block-post-excerpt__more-text\"><a class=\"wp-block-post-excerpt__more-link\" href=\"https:\/\/www.mikegorden.de\/web\/unter-wert\/\">\u2026 mehr lesen<\/a><\/p><\/div>\n\n<div class=\"wp-block-post-date\"><time datetime=\"2025-07-27T02:57:00+02:00\">27. Juli 2025<\/time><\/div><\/div>\n\n<\/li><li class=\"wp-block-post post-7648 post type-post status-publish format-standard has-post-thumbnail hentry category-artikel\">\n\n<div class=\"wp-block-group is-layout-flow wp-block-group-is-layout-flow\" style=\"padding-top:30px;padding-right:30px;padding-bottom:30px;padding-left:30px\"><h4 class=\"wp-block-post-title\"><a href=\"https:\/\/www.mikegorden.de\/web\/die-erstellung-eines-ebooks\/\" target=\"_self\">Die Erstellung eines eBooks<\/a><\/h4>\n\n<div class=\"wp-block-post-excerpt\"><p class=\"wp-block-post-excerpt__excerpt\">Zwar bietet heute jedes Schreibprogramm, das etwas auf sich h\u00e4lt, auch eine Umwandlung des Textes in ein eBook an. Deren Ergebnisse lassen aber oft zu w\u00fcnschen \u00fcbrig, denn unn\u00f6tige Formatierungsanweisungen verschandeln Dein Produkt zwar nicht, sie bl\u00e4hen es aber bis auf die doppelte Gr\u00f6\u00dfe auf.<\/p><p class=\"wp-block-post-excerpt__more-text\"><a class=\"wp-block-post-excerpt__more-link\" href=\"https:\/\/www.mikegorden.de\/web\/die-erstellung-eines-ebooks\/\">\u2026 mehr lesen<\/a><\/p><\/div>\n\n<div class=\"wp-block-post-date\"><time datetime=\"2025-07-13T02:19:00+02:00\">13. Juli 2025<\/time><\/div><\/div>\n\n<\/li><\/ul><\/div>\n","protected":false},"excerpt":{"rendered":"<p>MIKE GORDENs Heimseite Neutronenreiter Die ersten beiden Romane der Reihe \u00bbDas Universum im Tautropfen\u00ab und \u00bbDer gefrorene Urknall\u00ab finden mit \u00bbNeutronenreiter\u00ab auf 880 Buchseiten ein episches und durchweg spannendes Ende. Vorerst. Eine Serie r\u00e4tselhafter Ereignisse ersch\u00fcttert die Grundfesten der Realit\u00e4t, \u00e4hnlich der Massenhysterie, die einst die offene Dimensionspforte im CERN verursachte \u2026 \u2026 wenn Du [&hellip;]<\/p>\n","protected":false},"author":2,"featured_media":7577,"parent":0,"menu_order":0,"comment_status":"closed","ping_status":"closed","template":"","meta":{"footnotes":""},"class_list":["post-5982","page","type-page","status-publish","has-post-thumbnail","hentry"],"_links":{"self":[{"href":"https:\/\/www.mikegorden.de\/web\/wp-json\/wp\/v2\/pages\/5982","targetHints":{"allow":["GET"]}}],"collection":[{"href":"https:\/\/www.mikegorden.de\/web\/wp-json\/wp\/v2\/pages"}],"about":[{"href":"https:\/\/www.mikegorden.de\/web\/wp-json\/wp\/v2\/types\/page"}],"author":[{"embeddable":true,"href":"https:\/\/www.mikegorden.de\/web\/wp-json\/wp\/v2\/users\/2"}],"replies":[{"embeddable":true,"href":"https:\/\/www.mikegorden.de\/web\/wp-json\/wp\/v2\/comments?post=5982"}],"version-history":[{"count":0,"href":"https:\/\/www.mikegorden.de\/web\/wp-json\/wp\/v2\/pages\/5982\/revisions"}],"wp:featuredmedia":[{"embeddable":true,"href":"https:\/\/www.mikegorden.de\/web\/wp-json\/wp\/v2\/media\/7577"}],"wp:attachment":[{"href":"https:\/\/www.mikegorden.de\/web\/wp-json\/wp\/v2\/media?parent=5982"}],"curies":[{"name":"wp","href":"https:\/\/api.w.org\/{rel}","templated":true}]}}